 prime?
True
Is 95761748077 a composite number?
False
Is 60461104393 composite?
False
Is 2734213567 composite?
False
Is 596729807 a composite number?
False
Is 359026333 prime?
False
Is 75820419331 a composite number?
True
Is 212167619 a prime number?
True
Is 4614068779 composite?
True
Is 13008574835 composite?
True
Is 159568207001 prime?
False
Is 653806222 a prime number?
False
Is 1580490133 a composite number?
False
Is 206075543 a prime number?
True
Is 425923378 composite?
True
Is 1842284567 a composite number?
True
Is 136046233 prime?
True
Is 66366695243 a prime number?
True
Is 632440195 a prime number?
False
Is 111411397 composite?
False
Is 52292207119 prime?
True
Is 171264319 a prime number?
True
Is 375003929 prime?
False
Is 764009693 prime?
False
Is 10596112507 composite?
False
Is 16269084029 a prime number?
False
Is 2100736201 a composite number?
False
Is 7406540213 a prime number?
True
Is 1452696173 a prime number?
False
Is 70604481089 prime?
False
Is 64765277 prime?
False
Is 5934483631 composite?
False
Is 7585826981 a prime number?
False
Is 7898115083 prime?
False
Is 57302153477 a prime number?
True
Is 9103140883 composite?
False
Is 4878362563 composite?
True
Is 19624177799 a composite number?
False
Is 7184716199 a composite number?
True
Is 144700259 prime?
False
Is 1340834743 prime?
False
Is 6373678799 a composite number?
False
Is 370072743 a composite number?
True
Is 4194633451 composite?
False
Is 47816897 composite?
True
Is 7151696249 a prime number?
False
Is 60703814183 composite?
True
Is 160032523681 a prime number?
True
Is 15416743697 composite?
True
Is 5624906963 a prime number?
False
Is 9297371543 prime?
False
Is 26580331 a prime number?
True
Is 59084917 prime?
False
Is 80660929 a prime number?
False
Is 9214777229 prime?
False
Is 1354163183 a prime number?
True
Is 878808221 prime?
True
Is 197419210511 prime?
True
Is 115873266557 composite?
False
Is 65209606037 composite?
False
Is 18946687651 composite?
False
Is 496967623 a prime number?
True
Is 454816259 a composite number?
False
Is 15023861785 a composite number?
True
Is 48336228463 prime?
True
Is 10965860171 a prime number?
False
Is 41361382798 composite?
True
Is 60943500151 a prime number?
True
Is 2991153541 prime?
True
Is 750736159 a prime number?
True
Is 52726151183 a composite number?
True
Is 798076427 composite?
False
Is 146395244095 a composite number?
True
Is 1019394829 prime?
True
Is 429022597 composite?
False
Is 23611458469 a composite number?
False
Is 3696522251 a composite number?
True
Is 1698361937 a composite number?
True
Is 259920487 a prime number?
False
Is 476198609 a prime number?
True
Is 29136967337 prime?
True
Is 77545770773 a prime number?
False
Is 20481874229 prime?
True
Is 129929893591 a prime number?
True
Is 10502717293 prime?
True
Is 13257541493 composite?
True
Is 6485770415 a prime number?
False
Is 206819927 a composite number?
True
Is 949704263 composite?
True
Is 528093967 prime?
False
Is 707062507 a prime number?
False
Is 729905677 a prime number?
False
Is 252580469 a composite number?
False
Is 2583192341 prime?
True
Is 129162431249 prime?
True
Is 2159270717 prime?
True
Is 89185543661 a composite number?
False
Is 503056703 prime?
False
Is 23387573861 a prime number?
True
Is 28180307599 prime?
False
Is 40852339 prime?
False
Is 752822719 composite?
True
Is 18320786923 a composite number?
False
Is 56763604559 composite?
True
Is 922681061 a prime number?
True
Is 283558981 a prime number?
False
Is 250059331 prime?
True
Is 2218319 a composite number?
False
Is 72531457 prime?
False
Is 59704894913 a prime number?
True
Is 5009140517 composite?
False
Is 480354989 prime?
True
Is 11326997239 composite?
True
Is 28474101641 prime?
True
Is 34824527449 a composite number?
False
Is 26495773433 a composite number?
False
Is 41611352869 a composite number?
True
Is 4180275523 a prime number?
False
Is 8898837107 composite?
True
Is 13362321239 composite?
True
Is 1002481663 prime?
False
Is 155879803 a composite number?
True
Is 156382517 prime?
True
Is 64203853019 a prime number?
True
Is 2970118191 a prime number?
False
Is 39677806769 composite?
False
Is 272108867597 prime?
False
Is 8261471935 a prime number?
False
Is 2271709589 a prime number?
True
Is 5672108017 prime?
True
Is 3764852923 prime?
False
Is 102115373 composite?
True
Is 39168225563 a prime number?
False
Is 93804092281 a composite number?
True
Is 76562429 composite?
False
Is 116595119 prime?
False
Is 27053815013 composite?
False
Is 95939849879 a composite number?
True
Is 37130304389 a prime number?
True
Is 3758776579 a composite number?
True
Is 126710321105 prime?
False
Is 26585918279 a prime number?
True
Is 4884803179 a prime number?
True
Is 31254984017 composite?
True
Is 114262205347 a composite number?
False
Is 279627594977 composite?
False
Is 743969579 a prime number?
False
Is 234711248703 composite?
True
Is 230237533 composite?
False
Is 77348377 composite?
False
Is 31315163461 a prime number?
True
Is 15283139393 a composite number?
True
Is 828721063 composite?
False
Is 337409143 composite?
True
Is 1439844457 prime?
False
Is 2226136777 a prime number?
False
Is 1697574817 a prime number?
False
Is 4676091229 prime?
True
Is 67310158573 a composite number?
True
Is 489358807 a composite number?
True
Is 197170321159 composite?
True
Is 892848937 a composite number?
True
Is 130513236727 a composite number?
False
Is 3050238979 composite?
False
Is 1001742541 a composite number?
True
Is 33393061021 prime?
False
Is 9804416969 a composite number?
False
Is 629518489 composite?
False
Is 302996021 composite?
True
Is 63847509919 composite?
False
Is 100541161 a composite number?
True
Is 29309620619 prime?
True
Is 1863446119 composite?
True
Is 26744122397 a composite number?
False
Is 2756388766 a composite number?
True
Is 29208002245 a composite number?
True
Is 102444492698 a composite number?
True
Is 48611221361 a composite number?
True
Is 46667387581 a composite number?
True
Is 1120296199 a prime number?
False
Is 289800827 a prime number?
True
Is 270125373337 a prime number?
True
Is 514468379 a prime number?
True
Is 784326607 a prime number?
False
Is 25978644239 a prime number?
True
Is 23928682543 a composite number?
True
Is 1261406857 composite?
False
Is 30271302745 a prime number?
False
Is 31739871257 a composite number?
False
Is 13461523221 prime?
False
Is 2183420731 composite?
True
Is 166865493007 a composite number?
True
Is 463914169 a prime number?
True
Is 29166711911 a composite number?
False
Is 4345429303 a composite number?
False
Is 35383847217 a composite number?
True
Is 2520563179 prime?
True
Is 1284554431 a composite number?
True
Is 871894453 a composite number?
True
Is 5212885003 prime?
False
Is 94172697359 prime?
False
Is 6697428695 a prime number?
False
Is 22061757799 a composite number?
False
Is 403304137 a composite number?
True
Is 2487512455 composite?
True
Is 5288777099 a composite number?
True
Is 257875173085 prime?
False
Is 125623691 composite?
False
Is 10097237741 prime?
True
Is 15979075493 prime?
True
Is 5702380417 a prime number?
True
Is 3541173247 composite?
True
Is 4414027633 a prime number?
False
Is 12718686653 a composite number?
True
Is 8427497307 composite?
True
Is 181914612659 a composite number?
True
Is 298850979541 prime?
True
Is 561841237 a composite number?
True
Is 55750553 a composite number?
False
Is 1521259183 a composite number?
False
Is 721339819 composite?
True
Is 1263437783 a composite number?
True
Is 87695581 composite?
False
Is 4820224377 composite?
True
Is 12708933773 a prime number?
True
Is 5310051893 composite?
False
Is 866048399 composite?
False
Is 2410740617 a prime number?
True
Is 493684931 composite?
False
Is 2665570541 a prime number?
False
Is 4085727209 a prime number?
False
Is 2526483293 a prime number?
True
Is 6015503203 a prime number?
True
Is 5752975817 a prime number?
False
Is 6156204757 a prime number?
True
Is 5790462883 prime?
False
Is 12715201099 a composite number?
False
Is 6300175669 composite?
True
Is 1089352149 prime?
False
Is 2458651259 a prime number?
True
Is 7137972041 a composite number?
True
Is 4843360667 prime?
False
Is 1376960029 composite?
True
Is 3846821029 a composite number?
True
Is 13957365187 composite?
True
Is 75167201397 composite?
True
Is 1